-5*w + 1003. What are the prime factors of w?
2, 3
Let c = -76 - -210. Let l = c + -32. Let d = l - 56. What are the prime factors of d?
2, 23
Suppose -10 = -2*w, -12*d + 17*d + 5*w = 108450. What are the prime factors of d?
5, 4337
Let z(s) = 5*s**2 - 120*s - 410. What are the prime factors of z(59)?
3, 5, 661
Let y be (-40)/(-6) - ((-76)/12 + 7). Suppose y*a - 5948 = 226. Suppose 2*l - 896 = -3*t - 280, 5*t = -l + a. List the prime factors of t.
2, 103
Suppose 4*t = 3*z - 33, -3*z + 2*t + 21 + 18 = 0. Suppose 16*y - z*y = -2*s + 66, 0 = -3*y - 3*s + 201. Let q = y - 14. List the prime factors of q.
2, 3
Let o(i) = -47*i**3 + 40*i**2 + 436*i + 14. What are the prime factors of o(-9)?
7, 4799
Suppose 2634 + 102 = -18*p. Let k = -102 - p. What are the prime factors of k?
2, 5
What are the prime factors of 1/(27/130497) - (14 - (-2604)/(-189))?
3, 179
What are the prime factors of (475/(-50))/(3 + 566/(-188))?
19, 47
Let m(p) = 5*p**2 + 2*p - 3. Let b be m(1). Suppose -b*c = 5*v - 968, 9 = 2*c - 5*c. List the prime factors of v.
2, 7
Suppose 4*r = 5*r + 4*j + 70, j = 5*r + 245. Let s = r + 100. List the prime factors of 3/(15/(-2)) - (-10870)/s.
7, 31
Let i = 53756 - 1507. What are the prime factors of i?
52249
Let x = -386 - -1018. Let c = 7683 - 7679. Suppose c*u - x = -164. What are the prime factors of u?
3, 13
What are the prime factors of (1960/48 + (-4)/(-6))/((-1)/(-146))?
73, 83
Let k(c) = 4*c**3 - 6*c**2 + 4*c - 3. Suppose -2 = -2*x + 10. What are the prime factors of k(x)?
3, 223
Let k = 74 + -119. Let f be (-190)/k - (-6)/(-27). Suppose -f*v - 88 = -4*o, -o - 7*v + 10*v + 28 = 0. List the prime factors of o.
19
Suppose 163 - 61 = 4*b - 2*v, 147 = 5*b + 4*v. Let n be (-9)/b + 2/(-3). What are the prime factors of (1 - -165)*n/(-2)?
83
Let a(u) = -2*u - 48. Let w be a(-14). Let r = w - -110. List the prime factors of r.
2, 3, 5
Suppose 3*z + 20300 = 31*z. Let x(k) = 2*k - 1. Let g be x(3). Suppose g*v - 10*v = -z. What are the prime factors of v?
5, 29
Suppose -15*c + 60936 + 120440 = -113659. List the prime factors of c.
13, 17, 89
Let q be 1673/(-42) - (-1)/(-6). What are the prime factors of (3312/q)/((-9)/120)?
2, 3, 23
Suppose -39*g = -57*g + 188658. What are the prime factors of g?
47, 223
Let s = 160 - 157. What are the prime factors of (-1127)/s*(4 - 7)?
7, 23
Let j(w) = 52*w**2 - 220*w - 2951. List the prime factors of j(-13).
3, 13, 223
Suppose f = 0, 7*f - 3*f = 41*g - 37*g - 21796. List the prime factors of g.
5449
Let h = -50 + 74. Let q be 6/(-36)*-18 - -901. Suppose -16*i = -h*i + q. What are the prime factors of i?
113
Let n(p) = -2288*p - 2417. List the prime factors of n(-4).
3, 5, 449
Let i be 2952/(6 + 0) + (-3 - -8). Let q = -421 + i. List the prime factors of q.
2, 19
Let r(g) = 458*g + 11741. What are the prime factors of r(92)?
3, 17959
Let z be 631 - 18/(-6) - 2. List the prime factors of z/7 + (-34)/119.
2, 3, 5
Let n = 18029 + -12704. Suppose -n - 701 = -23*s. List the prime factors of s.
2, 131
Let k(x) = 2*x**3 - 3*x**2 + 2*x + 8. Let b(w) = -w - 5. Let g be b(-12). Suppose g*l = 6 + 22. List the prime factors of k(l).
2, 3
Let h be (12/10)/(2*1/(-10)). Let s be (2/h)/(0 + 3/(-585)). List the prime factors of (0 + s)*11/55.
13
Let o(w) = w**3 - 5*w**2 + 15*w - 2. Let q be o(15). Let c = -1621 + q. List the prime factors of c.
2, 3, 71
Let w(k) = 449*k**2 + 714*k + 6443. What are the prime factors of w(-9)?
2, 7, 23, 113
Suppose 4*z = 14*z + 2780. Let q = 354 + z. List the prime factors of q.
2, 19
Suppose 34*c - 16*c + 13788 = 0. Let h = 1430 + c. What are the prime factors of h?
2, 83
Suppose -4*y - 112 = -11*y. Let m(t) = 31*t - 5*t + y*t. List the prime factors of m(2).
2, 3, 7
Let s(v) = -v**2 + 2*v + 9. Suppose 7*y - 4 = 6*y. Let x be s(y). List the prime factors of 129/x*(-1 - (2 - 4)).
3, 43
Let a = -100 - -191. Let y = a - 82. List the prime factors of 3/y*309*1.
103
Let s(b) be the first derivative of -1/4*b**4 + 23/3*b**3 + 22 - 33/2*b**2 + b. What are the prime factors of s(21)?
2, 5, 19
List the prime factors of (1 + 143/77)*1477.
2, 5, 211
Let k(q) = -8*q**3 - 4*q**2 - 3*q. Let o be k(-2). Let v = 62 - o. Suppose -v*c - 133 = -477. What are the prime factors of c?
43
What are the prime factors of (-66085)/(2*(-50)/40)?
2, 13217
Let a(x) = -x**3 + 13*x**2 + 18*x - 5. Let w be a(14). Suppose -3*h = -w - 39. What are the prime factors of ((-15)/h)/(1/(-160))?
2, 5
Suppose -35*r = -11*r + 144. List the prime factors of 888*((-7)/r + (-7)/14).
2, 37
Let c(v) = -1248*v - 58. What are the prime factors of c(-10)?
2, 6211
Let q(v) = 2 - 3 - 357*v + v**2 + 372*v. Let i be (-4 - -9)*(-22)/5. What are the prime factors of q(i)?
3, 17
Let s = 534 + -500. Suppose -s*w + 8804 = -8162. List the prime factors of w.
499
Let d be (-26)/(-3) - (2 - 3)/3. Suppose -u - n = -4, -n - d = -2*u + 2. Suppose -l + 169 = u*t + 31, 5*t - 597 = -4*l. List the prime factors of l.
3, 17
List the prime factors of 560 + 16 + 9/(72/(-16)).
2, 7, 41
Suppose 0*u = -7*u + 1939. Let q = 87 + u. What are the prime factors of q?
2, 7, 13
Let g be 2/((-4)/6) - -7. Let i = -300 - -449. Suppose 0*o - g*o = 2*w - 286, i = w - o. What are the prime factors of w?
3, 7
Suppose -823*l + 817*l + 15390 = 0. What are the prime factors of l?
3, 5, 19
Suppose 132649 = -17*y + 997847. List the prime factors of y.
2, 25447
Let d be (-4)/6 - 1022/(-3). Suppose -d - 136 = 7*q. Let n = q + 138. List the prime factors of n.
2, 5, 7
List the prime factors of (-15)/30 - 24291/(-6).
2, 11, 23
Let r = 349 + 1865. Suppose -5*q = 4*t - r, -3*t - 3*q = -952 - 707. What are the prime factors of t?
19, 29
Let g be (-6504)/9*(-7)/((-196)/(-63)). Let y = -1157 + g. What are the prime factors of y?
7, 67
Let j(d) = 9*d**3 - 4*d + 53. Let a be j(4). Suppose 4*s - 2413 = -3*l, 14*s - 15*s + a = 4*l. What are the prime factors of s?
601
Let n(x) be the third derivative of x**6/120 - x**5/10 - x**4/12 + 3*x**3/2 + x**2 - 56. What are the prime factors of n(12)?
3, 283
Let l = -4651 + 30823. What are the prime factors of l?
2, 3, 727
Suppose 13*d = 17*d - 76. Suppose -11*s + d = -25. Suppose 2*x - 606 = -5*h, 2*h - s*x = 3*h - 114. List the prime factors of h.
2, 61
Suppose 7*p - 58 + 380 = 0. Suppose -4*o = -158 - 98. Let r = o + p. List the prime factors of r.
2, 3
Let p(j) = 5*j**2 + 28*j - 22. Let w be p(11). Suppose q = 58 + w. List the prime factors of q.
13, 73
Let l = -64503 - -97138. List the prime factors of l.
5, 61, 107
Suppose -16*v + 18537 = 17107 - 36458. List the prime factors of v.
2, 37
Suppose -7*m + 8*m - 32 = 0. Suppose m = 5*l - 28. What are the prime factors of l?
2, 3
Suppose 11*g - 6*g = 390. Let i = -112 + g. Let m = i + 188. What are the prime factors of m?
2, 7, 11
Let b(k) = 3*k**2 - 13*k + 4. Let d be b(6). Suppose -3*j = 5*l - d, -2*l + 0 = -10. Suppose j*a + a = 604. List the prime factors of a.
151
Let n be 9*(-16 - -5)*3. Let r = -167 - n. Let o = r + -77. List the prime factors of o.
53
Let t(f) = 108*f**2 + 966*f + 2886. What are the prime factors of t(-3)?
2, 3, 5
Suppose -367 = -4*i - n, -3*i - 3*n - 2*n = -271. Let r = 175 - i. What are the prime factors of r?
83
Suppose -5*h - 1620 = -8*h. Suppose -w + 7*w - h = 0. Let k = 183 - w. List the prime factors of k.
3, 31
Let y(b) = 36 + 53 + 39*b**2 + 27*b + 12. List the prime factors of y(-4).
617
Let v(u) = -u**3 - 40*u**2 - 40*u - 37. Let c be v(-39). List the prime factors of c*(-4)/8*281*-3.
3, 281
List the prime factors of (-226161)/(-15) + (-267)/(-445).
2, 3, 7, 359
Suppose 909524 = 41*o - o + 37*o. List the prime factors of o.
2, 2953
List the prime factors of ((-1925)/(-220))/((-1)/(-1112)*2).
5, 7, 139
Suppose 21*k - 148653 - 114043 = -30037. What are the prime factors of k?
3, 1231
Suppose -a + 3457 = y + 301, 4*a - 12624 = -5*y. Let v = a + -2172. What are the prime factors of v?
2, 3, 41
Suppose -86*v + 80*v = 636. List the prime factors of ((-945)/(-2))/3 - 53/v.
2, 79
Suppose 11 = -p - 0. Let d(c) = -c**2 - 12*c + 10. Let y be d(p). List the prime factors of (-6)/y + 604*(-3)/(-21).
2, 43
Suppose 0 = 4*h + 2*d - 50284, -5*h - 5*d + 54185 = -8680. List the prime factors of h.
12569
Let u(x) = 6*x**3 - 29*x**2 + 92*x - 16. What are the prime factors of u(18)?
2, 11, 